of 191167799?
9
What is the thousands digit of 217501151?
1
What is the hundred millions digit of 2997108055?
9
What is the hundred thousands digit of 55135313?
1
What is the hundreds digit of 29471814?
8
What is the tens digit of 79553133?
3
What is the hundred thousands digit of 4606582?
6
What is the thousands digit of 4294119477?
9
What is the millions digit of 34043374?
4
What is the tens digit of 119059325?
2
What is the ten thousands digit of 57348636?
4
What is the millions digit of 291934401?
1
What is the hundred millions digit of 4694349745?
6
What is the hundred millions digit of 271330916?
2
What is the thousands digit of 7471932356?
2
What is the thousands digit of 38757326?
7
What is the units digit of 106381049?
9
What is the millions digit of 52742727?
2
What is the thousands digit of 1608559534?
9
What is the tens digit of 53656537?
3
What is the units digit of 1295490787?
7
What is the hundreds digit of 6674963?
9
What is the hundred millions digit of 220846211?
2
What is the tens digit of 15027365?
6
What is the hundred thousands digit of 532129627?
1
What is the units digit of 486988615?
5
What is the thousands digit of 1199126169?
6
What is the ten thousands digit of 78937593?
3
What is the hundred thousands digit of 2924580810?
5
What is the ten millions digit of 941642190?
4
What is the hundreds digit of 148694998?
9
What is the units digit of 993603644?
4
What is the hundreds digit of 60794782?
7
What is the units digit of 2425351066?
6
What is the ten thousands digit of 79406993?
0
What is the hundred thousands digit of 36906225?
9
What is the hundreds digit of 23389224?
2
What is the thousands digit of 2042941?
2
What is the hundred millions digit of 2115319232?
1
What is the ten millions digit of 45343885?
4
What is the hundred thousands digit of 1242265154?
2
What is the ten millions digit of 136006948?
3
What is the billions digit of 2126029022?
2
What is the thousands digit of 1486976179?
6
What is the ten thousands digit of 928591714?
9
What is the billions digit of 2095204194?
2
What is the tens digit of 3236746670?
7
What is the ten thousands digit of 3467034?
6
What is the units digit of 1513727897?
7
What is the hundreds digit of 30377354?
3
What is the hundreds digit of 218874763?
7
What is the ten millions digit of 243242329?
4
What is the hundred thousands digit of 3637561313?
5
What is the units digit of 126239782?
2
What is the units digit of 12602147?
7
What is the millions digit of 1351964077?
1
What is the ten millions digit of 473594128?
7
What is the hundreds digit of 20943190?
1
What is the thousands digit of 5064147?
4
What is the thousands digit of 450178977?
8
What is the tens digit of 2491531225?
2
What is the units digit of 117807640?
0
What is the ten millions digit of 65161414?
6
What is the hundred thousands digit of 24500934?
5
What is the ten thousands digit of 2276319249?
1
What is the ten thousands digit of 18094223?
9
What is the ten millions digit of 112549142?
1
What is the hundred thousands digit of 293275514?
2
What is the thousands digit of 25708184?
8
What is the units digit of 310500180?
0
What is the millions digit of 36829257?
6
What is the tens digit of 531278130?
3
What is the units digit of 129970290?
0
What is the hundred thousands digit of 389281627?
2
What is the ten millions digit of 624309458?
2
What is the millions digit of 501962216?
1
What is the millions digit of 6273943346?
3
What is the tens digit of 346739841?
4
What is the units digit of 2694170890?
0
What is the thousands digit of 1378633713?
3
What is the hundred thousands digit of 58240725?
2
What is the millions digit of 226760989?
6
What is the units digit of 297872116?
6
What is the tens digit of 3255483192?
9
What is the hundred thousands digit of 43284853?
2
What is the hundred millions digit of 7961870499?
9
What is the ten millions digit of 671943435?
7
What is the tens digit of 35626485?
8
What is the millions digit of 58750851?
8
What is the millions digit of 73545521?
3
What is the hundreds digit of 192486061?
0
What is the tens digit of 3468427743?
4
What is the tens digit of 42207176?
7
What is the millions digit of 190422760?
0
What is the ten millions digit of 1406262604?
0
What is the ten thousands digit of 53181889?
8
What is the thousands digit of 930697344?
7
What is the thousands digit of 528400914?
0
What is the hundreds digit of 1166560315?
3
What is the thousands digit of 237641059?
1
What is the thousands digit of 6209099418?
9
What is the ten thousands digit of 579819448?
1
What is the hundred thousands digit of 147072222?
0
What is the ten thousands digit of 856720872?
2
What is the thousands digit of 1472089676?
9
What is the billions digit of 2390146459?
2
What is the thousands digit of 5771579285?
9
What is the units digit of 380353354?
4
What is the units digit of 323870862?
2
What is the ten millions digit of 1170213698?
7
What is the hundred thousands digit of 103710719?
7
What is the hundred thousands digit of 123950423?
9
What is the hundreds digit of 651676704?
7
What is the ten thousands digit of 1254375945?
7
What is the units digit of 1592201841?
1
What is the hundred thousands digit of 6575287?
5
What is the hundred thousands digit of 19170863?
1
What is the hundreds digit of 23578826?
8
What is the ten millions digit of 65111044?
6
What is the ten thousands digit of 973601269?
0
What is the ten thousands digit of 2339152351?
5
What is the ten millions digit of 175799828?
7
What is the units digit of 1155294634?
4
What is the millions digit of 305560011?
5
What is the hundred millions digit of 147159848?
1
What is the hundreds digit of 3418997585?
5
What is the tens digit of 57393410?
1
What is the hundred thousands digit of 38020983?
0
What is the ten millions digit of 188603936?
8
What is the ten millions digit of 79791799?
7
What is the ten thousands digit of 8429247?
2
What is the hundred thousands digit of 24361385?
3
What is the thousands digit of 18020440?
0
What is the units digit of 64688596?
6
What is the ten millions digit of 691427345?
9
What is the thousands digit of 133593500?
3
What is the thousands digit of 8652073309?
3
What is the ten millions digit of 187377828?
8
What is the ten thousands digit of 579747322?
4
What is the hundreds digit of 3590971569?
5
What is the thousands digit of 114386974?
6
What is the tens digit of 242619464?
6
What is the hundred thousands digit of 11243410?
2
What is the thousands digit of 26171935?
1
What is the ten thousands digit of 1213395033?
9
What is the millions digit of 54658634?
4
What is the ten millions digit of 3591562391?
9
What is the tens digit of 292366539?
3
What is the ten millions digit of 179732308?
7
What is the thousands digit of 1015190552?
0
What is the hundreds digit of 46480197?
1
What is the billions digit of 3653779688?
3
What is the billions digit of 1770354902?
1
What is the tens digit of 329697988?
8
What is the tens digit of 530138655?
5
What is the ten thousands digit of 659483040?
8
What is the hundred millions digit of 1730896044?
7
What is the thousands digit of 3533260885?
0
What is the units digit of 73432719?
9
What is the hundred millions digit of 359551657?
3
What is the hundreds digit of 2920742108?
1
What is the units digit of 195806006?
6
What is the units digit of 8932794?
4
What is the millions digit of 4187066563?
7
What is the thousands digit of 230217257?
7
What is the billions digit of 2388657944?
2
What is the ten thousands digit of 316677034?
7
What is the ten millions digit of 171767192?
7
What is the thousands digit of 657854732?
4
What is the ten thousands digit of 78798849?
9
What is the units digit of 568362827?
7
What is the hundred thousands digit of 32177455?
1
What is the tens digit of 1118527724?
2
What is the millions digit of 172639169?
2
What is the billions digit of 1268004237?
1
What is the millions digit of 549789290?
9
What is the units digit of 3889125856?
6
What is the hundred millions digit of 221612496?
2
What is the hundred millions digit of 823129131?
8
What is the tens digit of 3429710?
1
What is the units digit of 210690707?
7
What is the millions digit of 150543615?
0
What is the tens digit of 50691781?
8
What is the hundred thousands digit o